230000
What is -2404241111 (base 5) in base 6?
-314424512
What is 24375845 (base 9) in base 14?
18239b0
15341440 (base 7) to base 11
916248
267c7a2 (base 13) to base 8
56142266
Convert 1262267 (base 9) to base 11.
431936
Convert 101001100100001000 (base 2) to base 12.
82634
-32051030 (base 7) to base 4
-22113221120
What is 10323204 (base 5) in base 2?
10101110001011011
What is 10243240300 (base 5) in base 9?
22475601
What is -1100010100111011011010 (base 2) in base 14?
-6018dc
Convert -4234132343 (base 5) to base 13.
-1ac61b8
Convert 4e32c1 (base 15) to base 4.
32111033032
What is 26851 (base 13) in base 4?
101200222
-11010111000111101110 (base 2) to base 3
-1122202200121
What is bb739 (base 15) in base 14?
1170cd
What is -16b3738 (base 12) in base 2?
-10001111110101101011100
Convert 8a588 (base 15) to base 5.
103040003
162c90 (base 14) to base 16
bd85e
109660b (base 12) to base 4
30021103223
What is -32662031 (base 7) in base 2?
-1010110000111011111011
What is -3d1ae (base 15) in base 16?
-2fe2b
Convert -303250 (base 9) to base 11.
-11298a
ac53b (base 13) to base 3
120220011202
-30001131332 (base 4) to base 15
-423cb2
Convert -3053708 (base 9) to base 7.
-16565603
Convert 552715 (base 9) to base 14.
8841b
Convert 67842 (base 10) to base 13.
24b58
What is -20555022 (base 6) in base 5?
-123400301
Convert -2005744 (base 9) to base 11.
-669832
Convert -7c1154 (base 14) to base 12.
-14bb25a
-48d8b (base 16) to base 15
-5d61e
What is 32666060 (base 7) in base 8?
12612153
-3353a (base 13) to base 2
-10110101111110000
14759 (base 11) to base 9
31565
What is -8531a (base 14) in base 5?
-40243120
-239041 (base 13) to base 6
-30102211
What is -211000112 (base 4) in base 11?
-a3975
100022022200212 (base 3) to base 5
2231244044
-410321102 (base 5) to base 11
-a287a5
What is 104113 (base 12) in base 4?
332132133
What is 524646 (base 13) in base 6?
105120503
Convert -1105421 (base 6) to base 15.
-11764
What is 240002311 (base 5) in base 12?
449195
Convert -200041331 (base 6) to base 5.
-1330133014
Convert -2ecc4 (base 15) to base 16.
-24f58
What is 201201011221 (base 3) in base 10?
387961
What is 41542016 (base 8) in base 5?
4230111024
-164ca (base 13) to base 14
-1173b
What is -f4c05 (base 16) in base 5?
-224040001
Convert 1001011010101000000 (base 2) to base 13.
aa592
Convert 5a8701 (base 12) to base 14.
2a2557
-11100100100011100011111 (base 2) to base 8
-34443437
Convert -2875510 (base 9) to base 14.
-2d3a0c
Convert 1ae38 (base 15) to base 4.
111120122
What is 306f0a (base 16) in base 15?
42a754
Convert -fc521 (base 16) to base 3.
-1221111200222
What is -48d1b3 (base 15) in base 2?
-1101010011010000110000
101977 (base 10) to base 11
6a687
Convert -2525234 (base 6) to base 13.
-49b64
135cdba (base 14) to base 3
122122002020000
-10010110000001000110101 (base 2) to base 13
-103164a
3333241 (base 7) to base 14
aa091
-111011001011000111101 (base 2) to base 6
-105320513
1025202 (base 7) to base 3
20022110110
-301260 (base 14) to base 3
-10001010200111
-130044403 (base 5) to base 13
-18cb78
-b31f (base 16) to base 3
-2022220100
What is -6322083 (base 11) in base 5?
-10323111204
Convert -51525 (base 12) to base 5.
-11344112
Convert -22220112 (base 7) to base 6.
-105100510
What is -176604 (base 9) in base 8?
-326420
What is -3010443 (base 6) in base 8?
-424173
What is -41132401 (base 5) in base 7?
-2556143
Convert -b9b5a (base 14) to base 4.
-1231233210
-1210101134 (base 5) to base 11
-1653603
-162594 (base 10) to base 14
-4337c
What is -15312510 (base 6) in base 11?
-338608
134153403 (base 6) to base 14
50b923
12606333 (base 7) to base 16
11bab8
Convert 11122121212222 (base 3) to base 12.
9b2b52
What is d18d7 (base 14) in base 2?
1111011000001100101
-233884 (base 10) to base 4
-321012130
What is 1342032 (base 8) in base 7?
3132461
Convert 111550103 (base 6) to base 9.
3766243
What is -333663 (base 8) in base 2?
-11011011110110011
15571b (base 12) to base 2
1011000011011000111
What is 2aa583 (base 16) in base 9?
5228765
-2125345 (base 6) to base 2
-11001100111000001
Convert 425360 (base 7) to base 4.
102003032
Convert -11104500 (base 8) to base 11.
-1395a77
Convert 212021100 (base 3) to base 9.
25240
Convert 1709b1 (base 16) to base 15.
1ec53e
Convert 104014432 (base 5) to base 9.
762242
Convert -1834059 (base 10) to base 16.
-1bfc4b
563b (base 15) to base 3
221002002
What is -3241100404 (base 5) in base 8?
-32461113
What is 523215 (base 7) in base 10?
89976
Convert 3a780 (base 15) to base 5.
21443240
What is 138288 (base 14) in base 4?
2210323100
What is 179204 (base 10) in base 5?
21213304
What is -a74e (base 15) in base 9?
-53502
Convert 13a378 (base 12) to base 9.
551072
-213121331 (base 4) to base 13
-5860a
27dc8 (base 14) to base 12
491a4
-747d9 (base 14) to base 10
-281451
831647 (base 9) to base 2
1111000011100010101
99d581 (base 16) to base 6
1000030213
-1101443 (base 6) to base 16
-d623
433310442 (base 5) to base 8
7044660
Convert -320242422 (base 5) to base 4.
-11012132111
What is 30514 (base 11) in base 2?
1010110111111111
What is 94dd (base 15) in base 12?
16277
What is -450760 (base 10) in base 7?
-3555112
-100010110011100001001 (base 2) to base 4
-10112130021
Convert -10ca961 (base 15) to base 3.
-211122101112101
Convert 35043515 (base 7) to base 4.
23231131010
What is 997a3 (base 11) in base 6?
3033540
Convert -da3567 (base 14) to base 6.
-422142343
-10120020011222 (base 3) to base 6
-104332512
-1320220 (base 6) to base 12
-36070
What is 1203013132 (base 4) in base 13?
112a35
-12103b8 (base 12) to base 13
-959450
728542 (base 10) to base 12
2b173a
Convert -11738 (base 10) to base 9.
-17082
Convert c7aa83 (base 14) to base 11.
38a2129
2170764 (base 10) to base 12
888290
Convert 548872 (base 9) to base 12.
139a02
What is -914773 (base 11) in base 13?
-3c633c
What is -11001010011011110 (base 2) in base 6?
-2115502
Convert -100110010001001010111101 (base 2) to base 4.
-212101022331
-4323203 (base 5) to base 13
-2762c
-42652410 (base 7) to base 15
-4be706
What is 1000211022011 (base 3) in base 7?
4440535
What is 304645 (base 8) in base 6?
2054313
Convert 111101011001111000011 (base 2) to base 6.
111043135
What is -1000000000100111 (base 2) in base 4?
-20000213
Convert -339094 (base 10) to base 8.
-1226226
What is 11653 (base 8) in base 11?
3868
What is 15ed6 (base 16) in base 7?
522564
-100100010100011011100 (base 2) to base 7
-13054463
What is -48037 (base 12) in base 4?
-113220223
Convert -3113334 (base 10) to base 4.
-23320011312
194a60 (base 15) to base 14
2407b2
What is -40313442 (base 5) in base 6?
-10531205
Convert 112222220111 (base 3) to base 8.
1100411
What is 54a97 (base 11) in base 14?
21153
-a70a72 (base 11) to base 13
-480392
What is -1005052 (base 8) in base 2?
-1000000101000101010
What is -2706ba (base 13) in base 15?
-139920
What is 10411415 (base 6) in base 4?
1030112003
1022241442 (base 6) to base 11
6084158
11365315 (base 7) to base 14
1c3445
What is -1442454 (base 7) in base 16?
-2fb4a
-101011010100101001111 (base 2) to base 8
-5324517
What is 12413023 (base 5) in base 3?
20020120102
What is 1201042100 (base 5) in base 7?
32253404
What is -634555 (base 13) in base 8?
-10671310
What is -127537 (base 8) in base 4?
-22331133
Convert 210010122212020 (base 3) to base 4.
222312101022
-7277 (base 9) to base 2
-1010011010111
1335858 (base 10) to base 11
832717
4340214 (base 5) to base 9
123084
What is 1536732 (base 8) in base 10?
441818
-7380 (base 10) to base 6
-54100
-50043047 (base 8) to base 9
-21678348
-19f3e (base 16) to base 8
-317476
What is 11001000101000101111 (base 2) in base 4?
3020220233
29aae9 (base 16) to base 4
22122223221
54129 (base 13) to base 14
3d469
What is 243071 (base 8) in base 5?
10133023
What is 45a88 (base 13) in base 2?
11111000000110111
12000211222 (base 3) to base 10
99035
What is -24047 (base 16) in base 7?
-1153052
Convert 18c8a1 (base 13) to base 8.
2311654
30520013 (base 6) to base 12
366009
What is 421a0 (base 12) in base 11?
5a126
Convert 64438 (base 14) to base 16.
3b282
Convert -21a876 (base 11) to base 13.
-c3a70
Convert 254462 (base 9) to base 16.
25a57
Convert 2032650 (base 9) to base 4.
10020302022
What is 3568 (base 11) in base 2?
1001001000000
What is -15501343 (base 6) in base 5?
-12013424